f. Let o be s(-3). Let g = 38 + o. Let j = -8 - g. What is the units digit of j?
8
Suppose 2*b - a - 189 = 0, -3*a + 297 = -3*b + 6*b. What is the tens digit of b?
9
Let c = 26 + 60. What is the tens digit of c?
8
Let u(f) = f**2 - f + 2. Let h be u(2). Suppose h*b = -5*v + 50, 5*b - 2*v - 20 = 26. What is the tens digit of b?
1
Suppose -i = -5*h + 154, 2*h + 3*i - 66 = -i. Let n be (-4)/10 + 47/5. Suppose -4*r + h + n = 0. What is the tens digit of r?
1
Let p(a) = -a**3 + 9. Let o be p(0). Let z be ((-2)/1 + 8)*-1. Let l = o + z. What is the units digit of l?
3
Suppose 2*c = -0*c + 48. Suppose c = 2*i - 3*h, -i + 3 = -2*h - 11. What is the units digit of i?
6
Suppose k = 3*k + 5*o - 50, k - 25 = 2*o. What is the tens digit of k?
2
What is the units digit of (-10)/25 + 342/5?
8
Let j(f) = -f**3 - 7*f**2 + 9*f + 10. Let y be j(-8). Suppose -y*n + 4*h = -68, -5*h = 9 + 6. What is the tens digit of n?
2
Let r(b) = -4*b - 4. Let z(s) = -s**3 - s**2 - 1. Let u(g) = -r(g) + z(g). What is the units digit of u(-3)?
9
Let l(f) = f**2 + 2*f - 5. What is the hundreds digit of l(11)?
1
Let o be (6/(-5))/((-10)/25). Suppose -5*g + 0*k + 35 = 2*k, o*k = 3*g. Suppose g*t = 30 + 35. What is the tens digit of t?
1
Suppose 0 = l + l. Suppose -4*b + 8 = -l*b. What is the units digit of b?
2
Let h = 6 + -6. Suppose k + 5*y = -h*k + 15, -3*k - 4*y = -34. What is the tens digit of k?
1
Let q be ((-5)/(-1))/((-2)/(-2)). Suppose -r = 2*d + 1, r - q*d + 14 = 48. What is the units digit of r?
9
Let l(s) = -s**3 + 11*s**2 + 1. Let c be l(11). What is the tens digit of 48 + (0 - (4 - c))?
4
Suppose 8*j - 96 = 4*j. What is the units digit of j?
4
Let h = 23 + -5. Suppose -20*f + 16 = -16*f. Suppose f*d - 10 = h. What is the units digit of d?
7
Suppose 1 = -y + 3*s, -4 = -3*y + s + 1. Suppose y*j + 2*k - 18 = 0, -5*j + 38 = -k - 37. What is the units digit of j?
4
Let z(o) be the second derivative of o**4/12 + o**3/2 - 3*o**2 + 8*o. What is the units digit of z(4)?
2
Let w = -88 + 158. Suppose 3*a = 173 + w. Suppose -20 = -2*f - 5*y, -5*f + 2*y = -y - a. What is the tens digit of f?
1
Let h(n) = -5*n + 1. Let p(u) = -14*u + 3. Let z(d) = -11*h(d) + 4*p(d). Suppose -3*f - 5 - 1 = 0. What is the units digit of z(f)?
3
Let a be (8/(-6))/((-2)/(-6)). Let v = a - -5. What is the units digit of -8*(-3 - (-3 + v))?
8
Suppose -5*r + 0*r + 20 = 0. Suppose -f + 120 = r*f. What is the tens digit of f?
2
Let q(m) = -1 + 6 - 1 - 2*m + 0. Let f be -7 - 1 - -2*1. What is the tens digit of q(f)?
1
Let h(v) = -13*v + 10. What is the units digit of h(-4)?
2
Suppose -j - 18 = -m + 4*j, 5*j = -3*m - 26. What is the units digit of -1*(-19 - m) - 1?
6
Suppose 3*l - x - 63 - 17 = 0, 3*l - 82 = 2*x. What is the tens digit of l?
2
Let m = 217 - 67. Suppose -2*s = -4*y + m, 2*s = -4*y + 3*s + 155. What is the tens digit of y?
4
Let z = 2 - 1. Let v be -2*(z - 0) + 48. Suppose 0 = m + 3*m + 2*f - v, 4*m - 2*f = 42. What is the tens digit of m?
1
Suppose 2*i + i - 15 = 0. Let f be ((-2)/i)/((-4)/20). Suppose 0 = 2*x + 5*j + 5 - 0, -f*x + 25 = -5*j. What is the units digit of x?
5
Suppose 2*i = -0*i - 12. Let x be (-12)/(-1)*i/(-9). Suppose -x = 3*w - 7*w. What is the units digit of w?
2
Let n be (17/4)/(3/12). Suppose l - 5*a = -10, -5*l - 4*a + 20 = -n. Suppose 2*r + l*w - 1 + 0 = 0, -5 = w. What is the tens digit of r?
1
Suppose -2*i = q - 117, -4*q + 150 + 330 = 4*i. What is the hundreds digit of q?
1
Let g = 46 + -13. What is the tens digit of g?
3
Suppose 2*m + 3 = -m. Let y be ((-6)/3 - -2)/m. Suppose y = 5*a - a - 12. What is the units digit of a?
3
Suppose -6 = -2*b - 2*g - 38, 32 = -2*b + 3*g. Let o = b - -29. What is the units digit of o?
3
Suppose -5*b + 15 = 0, -2*r + 0*r - 3 = -b. Suppose 0 = 3*t - r*t - 78. What is the tens digit of t?
2
Let d(w) = 3*w + 3. Let j be d(-2). What is the units digit of (1 - 6/j)/1?
3
Suppose 0 = 2*j + 2*j + 4, -2*l - 2*j - 4 = 0. Let c(v) = -36*v**3 + v**2. Let h be c(l). Let z = h + -25. What is the units digit of z?
2
Suppose 0 = -y - 2*w + 150, 4*y - 102 = -5*w + 501. Suppose -y = -q - 3*q. Let a = q + -22. What is the units digit of a?
6
Let k = -4 + 8. Suppose 6 = 2*z + t, 0 = 5*t - 4*t - k. Suppose -3*d = -13 + z. What is the units digit of d?
4
Let p(c) = -c**2 + 1. Let b be p(-2). Let k(v) = v**3 - 4*v**2 - 5*v - 2. Let r be k(5). What is the units digit of b*r/12*2?
1
Let n(z) = z**3 + 8*z**2 - 2*z + 6. Let g be n(-8). Let c = g + -13. What is the units digit of c?
9
Let j = 352 + -115. What is the units digit of j?
7
Let b = -5 + 4. Let i(v) = 12*v**2 + 1. What is the units digit of i(b)?
3
Let p be 26/(-4) + (-5)/10. Let f = -2 - p. What is the units digit of f?
5
Suppose 0 = 3*w - 2*y - 127, 7*y - 2*y - 220 = -5*w. What is the units digit of w?
3
Let a be (0 - 1)/((-1)/2). Suppose -a = j - 3*j. What is the units digit of j?
1
Suppose 51 = 2*l - 73. What is the units digit of l?
2
Let c be ((-2 - 1) + 4)*2. Suppose 0 = -4*t - 8, 5*t - 17 + 7 = -c*d. Suppose -a = -4*x + d, -2*x - 3*a + 16 = 2*a. What is the units digit of x?
3
Suppose 4*q - 383 = 29. What is the tens digit of q?
0
Let j(p) = -3*p**2 + 2 + 4*p**2 + p**3 - 2*p**2 + 2*p**2. What is the units digit of j(0)?
2
Let o(p) = p**3 + 8*p**2 + 7*p + 6. What is the units digit of o(-7)?
6
Let u(o) = -o**2 + 18*o - 8. Let y be u(15). Suppose -3*z - h + 96 = -3*h, -z = h - y. What is the units digit of z?
4
Let c be ((-1)/1)/1*-3. Suppose 5*w - 2*w + 55 = 4*a, -2*w + 20 = c*a. Let o = a - -1. What is the tens digit of o?
1
What is the tens digit of (10 - 14) + 0 + 35?
3
Let c(n) = n**2 + 7*n + 3. Let q(g) = 1. Let j(s) = c(s) - q(s). Let i be j(-8). What is the units digit of (-80)/12*(-12)/i?
8
Let n(i) = -2*i**2 - 3*i. Let k be n(-3). Let y(f) = 21*f**3. Let q be y(1). Let w = k + q. What is the tens digit of w?
1
Let l = 280 - 139. What is the units digit of l?
1
Let c(q) = -15*q**3 + 4*q**2 + 3*q - 1. What is the hundreds digit of c(-2)?
1
Suppose -3*s = f + 3 + 20, -s = -3*f - 59. Let c be ((-8)/f)/(2/(-10)). Let r = c + 6. What is the units digit of r?
4
Let z(s) = 8*s + 13. Let d be z(6). Let h = 95 - d. What is the tens digit of h?
3
Let v(p) = -p - 2. Let b be v(-2). Suppose -5*y + 1 + 4 = -2*j, -3*j = b. What is the units digit of 7/y*(-1)/(-1)?
7
Let y be 7*(-5)/((-105)/6). Suppose 4 = y*z - 30. What is the tens digit of z?
1
Suppose 3*q - 2*i = -4, -4 = -3*q - 3*i + i. Suppose 2*j + 4 - 24 = q. What is the tens digit of j?
1
Let l be 3/(-15) - 78/(-15). Suppose -l*i - 5 = -3*f + f, -15 = -4*f + 5*i. What is the units digit of f?
5
Suppose -4*h = -h. Suppose -2*v + 58 = -4*p, h*v + 4*p + 27 = v. What is the tens digit of v?
3
Let b be 1/(15/7 - 2). Let j = b - -11. Suppose 3*v - v = -2*t, 5*t + j = 4*v. What is the units digit of v?
2
Let v = -3 + -4. Let l = -18 + 30. Let x = v + l. What is the units digit of x?
5
Suppose 6 = 4*i - i. Suppose -4*a - 15 = 3*g, i*a - 3*g + 15 = a. Let v = a + 8. What is the units digit of v?
2
Let q(o) = o - 2. Let p be q(1). What is the units digit of p*128/(12/(-3))?
2
Suppose -4*x = -3*p - 225, 0 = -5*x + 3*p + 54 + 231. What is the units digit of x?
0
Suppose -y - 1 = -6. Let b = y + 4. What is the units digit of b?
9
Let t(o) = -2*o + 6. What is the tens digit of t(-10)?
2
Suppose -255 = -0*j - 5*j. What is the units digit of j?
1
Suppose 0 = 3*c - v - 252, -290 - 116 = -5*c - 3*v. What is the units digit of c?
3
Suppose -2*k = -3 - 3, 0 = 5*a - 3*k - 1121. What is the tens digit of a?
2
Suppose -4*s = -9*s + 15. Suppose 0 = -s*a - 19 + 46. What is the units digit of a?
9
Let d = 307 + 50. What is the units digit of d?
7
Let j(v) = -v - 1. Let q(g) = 3*g + 3. Let u(d) = 2*j(d) + q(d). Let x be u(5). Let z = x + -5. What is the units digit of z?
1
Let a(y) = -5*y - 2. What is the tens digit of a(-7)?
3
Suppose u + 5*o - 20 = -4*u, -5*o = -3*u + 36. Suppose -5*m + u = -28. What is the units digit of m?
7
Let m(x) = x**2 - 2. Let s be m(4). Suppose -t + 2 = 3*q, 3*t + s = q + 40. What is the units digit of t?
8
Suppose 62 = -4*l - 2. What is the units digit of ((-56)/6)/(l/24)?
4
Let n = 62 - 37. What is the tens digit of n?
2
What is the units digit of ((-102)/4)/3*-2?
7
What is the units digit of 6/(-4) + 51/6?
7
Let c be 0/(-3*1 + 2). Suppos